number?
False
Is 73153 a composite number?
True
Is 1619893 composite?
True
Is 529619 a composite number?
False
Is 17635 a prime number?
False
Is 907 a prime number?
True
Is 53419 prime?
True
Is 3635 a composite number?
True
Is 1195921 a prime number?
False
Is 36653 prime?
True
Is 32681 prime?
False
Is 41969 a composite number?
False
Is 2203 a prime number?
True
Is 4589 composite?
True
Is 1081513 a composite number?
False
Is 2045 prime?
False
Is 207403 a composite number?
True
Is 1657 composite?
False
Is 1638527 a composite number?
True
Is 69959 a composite number?
False
Is 6938 composite?
True
Is 4533 a prime number?
False
Is 14902 a composite number?
True
Is 1475953 a composite number?
False
Is 207367 a prime number?
True
Is 11851 a prime number?
False
Is 779113 composite?
True
Is 8347 a prime number?
False
Is 31643 composite?
False
Is 191185 a composite number?
True
Is 649 prime?
False
Is 2901 prime?
False
Is 467 composite?
False
Is 7411 prime?
True
Is 4798 a prime number?
False
Is 1967 composite?
True
Is 1506287 prime?
True
Is 391441 a prime number?
True
Is 37823 a composite number?
True
Is 301123 composite?
False
Is 5981 prime?
True
Is 1924921 a prime number?
True
Is 1221019 prime?
True
Is 442615 a prime number?
False
Is 54455 prime?
False
Is 24029 composite?
False
Is 1249 a prime number?
True
Is 5263 composite?
True
Is 2681117 composite?
False
Is 12959 a prime number?
True
Is 1937 a composite number?
True
Is 3389 prime?
True
Is 887 prime?
True
Is 79957 prime?
False
Is 97411 prime?
False
Is 804203 composite?
False
Is 2333 prime?
True
Is 20663 a composite number?
False
Is 6521 prime?
True
Is 2881 a composite number?
True
Is 488749 a composite number?
False
Is 181723 a composite number?
True
Is 16127 prime?
True
Is 152587 a composite number?
True
Is 65167 a prime number?
True
Is 23239 prime?
False
Is 27611 a prime number?
True
Is 116251 a prime number?
False
Is 115421 a composite number?
False
Is 411758 prime?
False
Is 637291 a composite number?
False
Is 13009 a composite number?
False
Is 22961 a composite number?
False
Is 19237 a composite number?
False
Is 63809 prime?
True
Is 1139249 composite?
False
Is 62938 prime?
False
Is 125702 prime?
False
Is 11009 prime?
False
Is 889 composite?
True
Is 390623 composite?
True
Is 281495 prime?
False
Is 37079 composite?
True
Is 2327 a composite number?
True
Is 83069 a prime number?
False
Is 18397 a composite number?
False
Is 4547 composite?
False
Is 136943 composite?
False
Is 429299 composite?
True
Is 625589 a composite number?
False
Is 239383 a composite number?
False
Is 15959 a prime number?
True
Is 107053 prime?
True
Is 190007 prime?
False
Is 3271 prime?
True
Is 97663 composite?
True
Is 24263 a composite number?
True
Is 7499 prime?
True
Is 2939 a prime number?
True
Is 43001 prime?
False
Is 147703 a prime number?
True
Is 6683 a composite number?
True
Is 6437 prime?
False
Is 4397 a composite number?
False
Is 177 composite?
True
Is 4703 a composite number?
False
Is 171263 a prime number?
True
Is 367387 composite?
True
Is 25099 a composite number?
True
Is 3991 a composite number?
True
Is 548441 a composite number?
False
Is 57999 a composite number?
True
Is 9355 a composite number?
True
Is 102293 composite?
False
Is 61895 a composite number?
True
Is 5509 prime?
False
Is 142949 a composite number?
False
Is 28073 a prime number?
False
Is 377267 prime?
False
Is 433469 a composite number?
False
Is 18781 composite?
True
Is 124231 composite?
False
Is 81817 a composite number?
False
Is 2895637 a composite number?
False
Is 3635 a prime number?
False
Is 42899 prime?
True
Is 137899 a composite number?
True
Is 165287 prime?
True
Is 25733 a composite number?
False
Is 5007559 a composite number?
True
Is 114877 prime?
False
Is 2063 prime?
True
Is 38015 a prime number?
False
Is 5639 a composite number?
False
Is 853453 a composite number?
True
Is 243757 a prime number?
False
Is 128647 composite?
True
Is 1949 composite?
False
Is 784829 a prime number?
False
Is 193033 prime?
False
Is 84367 a composite number?
True
Is 1442813 prime?
False
Is 307609 composite?
False
Is 459883 a composite number?
False
Is 16127 a composite number?
False
Is 307315 a prime number?
False
Is 18283 prime?
False
Is 169439 a prime number?
False
Is 7853 a prime number?
True
Is 213047 prime?
False
Is 194647 a prime number?
True
Is 39581 composite?
False
Is 35041 composite?
True
Is 471607 a composite number?
False
Is 290161 a composite number?
False
Is 5747 composite?
True
Is 958 composite?
True
Is 87049 a composite number?
False
Is 164378 a prime number?
False
Is 113531 a prime number?
False
Is 598106 composite?
True
Is 64802 a composite number?
True
Is 13033 composite?
False
Is 320209 a composite number?
False
Is 37769 a composite number?
True
Is 36949 a composite number?
True
Is 514163 composite?
True
Is 86837 composite?
False
Is 83177 a composite number?
False
Is 18283 composite?
True
Is 497077 prime?
False
Is 2807 composite?
True
Is 130771 a composite number?
True
Is 3221 composite?
False
Is 21833 composite?
True
Is 509 composite?
False
Is 52835 prime?
False
Is 4327 a composite number?
False
Is 68461 composite?
True
Is 484787 composite?
False
Is 454589 a composite number?
True
Is 177257 prime?
True
Is 651971 a composite number?
False
Is 55849 composite?
False
Is 448211 prime?
False
Is 161921 composite?
False
Is 280937 a composite number?
True
Is 612563 prime?
False
Is 15073 a composite number?
False
Is 7817 a composite number?
False
Is 66398 composite?
True
Is 149827 prime?
True
Is 2281 a composite number?
False
Is 358331 composite?
False
Is 10061 composite?
False
Is 6595 a composite number?
True
Is 14923 composite?
False
Is 880483 a prime number?
True
Is 24789 prime?
False
Is 703 a prime number?
False
Is 3845 a composite number?
True
Is 1350449 composite?
False
Is 526901 a composite number?
True
Is 39913 prime?
False
Is 69985 a composite number?
True
Is 15193 a prime number?
True
Is 1397035 prime?
False
Is 31441 a prime number?
False
Is 86281 composite?
True
Is 474227 prime?
False
Is 2317 composite?
True
Is 59134 a composite number?
True
Is 24317 prime?
True
Is 652207 prime?
True
Is 17269 prime?
False
Is 306949 composite?
False
Is 483281 a prime number?
True
Is 2081 prime?
True
Is 175943 composite?
True
Is 838 prime?
False
Is 618971 a composite number?
False
Is 753659 prime?
True
Is 95379 a composite number?
True
Is 135181 a prime number?
True
Is 7853 a prime number?
True
Is 53059 composite?
True
Is 479 a prime number?
True
Is 28513 prime?
True
Is 275343 composite?
True
Is 5519 a prime number?
True
Is 13543 a prime number?
False
Is 2982307 composite?
True
Is 88289 a prime number?
True
Is 533 a prime number?
False
Is 7603 composite?
False
Is 6599 a composite number?
False
Is 42101 composite?
False
Is 473 a composite number?
True
Is 25151 composite?
True
Is 370241 a composite number?
False
Is 138727 a prime number?
True
Is 74959 a prime number?
True
Is 5807 prime?
True
Is 5033 a composite number?
True
Is 988867 a prime number?
False
Is 48793 a prime number?
False
Is 3581 a composite number?
False
Is 52729 composite?
True
Is 5739 a prime number?
False
Is 9505 a prime number?
False
Is 287303 prime?
False
Is 1361 composite?
False
Is 604793 prime?
False
Is 22501 prime?
True
Is 46621 a prime number?
False
Is 447623 a composite number?
True
Is 63043 composite?
True
Is 207287 a composite number?
False
Is 69709 a composite number?
False
Is 1955381 prime?
True
Is 53647 a composite number?
True
Is 41833 a composite number?
True
Is 227081 prime?
True
Is 521263 a composite number?
True
Is 6483 a prime number?
False
Is 3147 a prime number?
False
Is 23143 composite?
False
Is 1137157 a composite number?
True
Is 28697 prime?
True
Is 25621 prime?
True
Is 108079 prime?
True
Is 18283 a prime number?
False
Is 3907 composite?
False
Is 89405 a composite number?
True
Is 330929 a composite number?
True
Is 195205 a prime number?
False
Is 69019 composite?
False
Is 14185 a composite number?
True
Is 1453189 a prime number?
False
Is 146051 composite?
False
Is 3659 prime?
True
Is 5051 composite?
False
Is 147473 a composite number?
True
Is 2723 a composite number?
True
Is 14866 a composite number?
True
Is 4181 a prime number?
False
Is 55239 prime?
False
Is 223781 composite?